es 19 divide 1234061?
False
Is 6698 a multiple of 11?
False
Is 167 a factor of 372243?
True
Is 105 a factor of 924409?
False
Does 30 divide 400830?
True
Does 324 divide 166536?
True
Is 8 a factor of 750556?
False
Is 33 a factor of 2553209?
False
Is 27 a factor of 135019?
False
Does 198 divide 2342538?
True
Does 482 divide 22046198?
True
Is 10 a factor of 194330?
True
Does 5 divide 12325?
True
Does 134 divide 300991?
False
Is 565752 a multiple of 8?
True
Does 1352 divide 23647861?
False
Is 1662325 a multiple of 2?
False
Is 13 a factor of 12675?
True
Is 7 a factor of 6935593?
True
Is 752271 a multiple of 29?
False
Is 559 a factor of 828960?
False
Does 112 divide 374527?
False
Is 2900947 a multiple of 93?
False
Is 125416 a multiple of 122?
True
Does 832 divide 13584064?
True
Is 640 a factor of 6444160?
True
Does 17 divide 1851601?
False
Is 95 a factor of 1998325?
True
Is 74 a factor of 59052?
True
Is 33104412 a multiple of 18?
True
Is 138544 a multiple of 56?
True
Does 239 divide 113525?
True
Does 26 divide 2824640?
True
Does 577 divide 5362061?
True
Is 123950 a multiple of 37?
True
Is 9 a factor of 97897?
False
Is 344 a factor of 498456?
True
Is 178 a factor of 2234256?
True
Is 336 a factor of 229060?
False
Is 25 a factor of 5625975?
True
Is 646 a factor of 89148?
True
Is 365365 a multiple of 55?
True
Is 11 a factor of 66913?
True
Is 1432774 a multiple of 250?
False
Is 674 a factor of 11127305?
False
Is 89 a factor of 914653?
True
Does 54 divide 13768704?
True
Is 22230 a multiple of 342?
True
Is 148039 a multiple of 467?
True
Is 122 a factor of 143716?
True
Is 3254639 a multiple of 62?
False
Does 571 divide 13636113?
False
Is 166 a factor of 88810?
True
Does 16 divide 207344?
True
Is 4816329 a multiple of 391?
False
Is 848824 a multiple of 220?
False
Is 8 a factor of 6168?
True
Is 221524 a multiple of 201?
False
Is 640626 a multiple of 98?
True
Is 6 a factor of 47019?
False
Is 148 a factor of 105524?
True
Is 228200 a multiple of 10?
True
Does 27 divide 100872?
True
Is 36 a factor of 28744?
False
Is 36 a factor of 11148732?
True
Does 33 divide 24572?
False
Is 13 a factor of 1079754?
True
Is 1008 a factor of 1940400?
True
Is 150 a factor of 2241843?
False
Does 251 divide 210358?
False
Does 63 divide 721805?
False
Is 1105050 a multiple of 11?
False
Is 7166170 a multiple of 55?
True
Is 52 a factor of 510001?
False
Does 32 divide 701280?
True
Does 45 divide 20610?
True
Does 83 divide 23406?
True
Is 4195218 a multiple of 16?
False
Is 878328 a multiple of 504?
False
Does 52 divide 5826559?
False
Does 16 divide 272615?
False
Is 22 a factor of 5946887?
False
Is 28 a factor of 443128?
True
Does 47 divide 116866?
False
Is 47 a factor of 1186186?
True
Is 89 a factor of 829569?
True
Is 1059 a factor of 9119049?
True
Does 227 divide 1488212?
True
Is 108 a factor of 152712?
True
Is 190 a factor of 2324650?
True
Is 461689 a multiple of 6?
False
Is 135552 a multiple of 24?
True
Is 141022 a multiple of 49?
True
Is 281 a factor of 3983737?
True
Is 392 a factor of 81536?
True
Does 726 divide 259908?
True
Is 40 a factor of 114120?
True
Is 1114380 a multiple of 15?
True
Is 487191 a multiple of 202?
False
Is 58 a factor of 2429562?
True
Is 13 a factor of 195246?
False
Is 127219 a multiple of 4?
False
Is 55900 a multiple of 12?
False
Does 624 divide 6172608?
True
Is 6 a factor of 669972?
True
Does 17 divide 965666?
False
Does 68 divide 4331681?
False
Does 35 divide 3161236?
False
Is 116 a factor of 391912?
False
Is 784 a factor of 200704?
True
Is 890994 a multiple of 14?
False
Is 157242 a multiple of 15?
False
Is 308 a factor of 91476?
True
Is 22504 a multiple of 28?
False
Does 73 divide 12311382?
False
Does 286 divide 4006?
False
Does 41 divide 1428412?
False
Does 25 divide 100975?
True
Does 45 divide 5412330?
True
Does 16 divide 278597?
False
Is 28 a factor of 1604167?
False
Does 12 divide 1088307?
False
Is 894040 a multiple of 8?
True
Is 1853837 a multiple of 160?
False
Is 6 a factor of 2569266?
True
Does 135 divide 106768?
False
Does 33 divide 365013?
True
Is 401035 a multiple of 524?
False
Does 29 divide 2609697?
False
Is 1400 a factor of 8158535?
False
Is 4649719 a multiple of 9?
False
Is 197 a factor of 4747503?
True
Does 337 divide 2044242?
True
Is 27 a factor of 222966?
True
Is 954288 a multiple of 108?
True
Does 13 divide 12256985?
True
Is 67315 a multiple of 2?
False
Does 306 divide 7035109?
False
Is 185 a factor of 397349?
False
Does 87 divide 44869?
False
Is 86 a factor of 811131?
False
Is 4628928 a multiple of 64?
True
Is 29 a factor of 15458?
False
Is 39 a factor of 157989?
True
Is 666855 a multiple of 365?
True
Does 37 divide 54797?
True
Is 261 a factor of 171534?
False
Is 32 a factor of 1151520?
True
Does 278 divide 5082400?
False
Is 118 a factor of 129889?
False
Does 430 divide 699180?
True
Does 106 divide 162710?
True
Is 14 a factor of 98?
True
Is 6 a factor of 2156400?
True
Does 28 divide 391809?
False
Is 89 a factor of 2900065?
True
Does 112 divide 151134?
False
Is 172011 a multiple of 14?
False
Is 6 a factor of 24177?
False
Is 7735 a multiple of 85?
True
Is 28 a factor of 764568?
True
Does 434 divide 11923716?
True
Is 2 a factor of 12471?
False
Is 30392472 a multiple of 12?
True
Is 5284 a multiple of 4?
True
Does 178 divide 7027884?
False
Does 44 divide 45056?
True
Is 580850 a multiple of 142?
False
Does 40 divide 773576?
False
Does 511 divide 2491151?
False
Is 244973 a multiple of 460?
False
Is 172318 a multiple of 29?
True
Is 20180650 a multiple of 350?
True
Is 70 a factor of 47040?
True
Is 39 a factor of 175545?
False
Is 2571103 a multiple of 184?
False
Is 742752 a multiple of 505?
False
Does 154 divide 32404658?
False
Is 480 a factor of 1076160?
True
Does 3 divide 17338?
False
Is 1255254 a multiple of 143?
True
Is 24 a factor of 2910408?
True
Is 496219 a multiple of 241?
True
Is 5 a factor of 1180497?
False
Is 1137202 a multiple of 22?
True
Does 20 divide 252846?
False
Is 119 a factor of 2458443?
False
Does 33 divide 883864?
False
Is 12 a factor of 1054621?
False
Is 1740391 a multiple of 9?
False
Does 45 divide 97818?
False
Does 13 divide 367510?
True
Is 18888 a multiple of 12?
True
Is 21 a factor of 112896?
True
Does 13 divide 934623?
False
Does 19 divide 657497?
False
Is 16 a factor of 7528320?
True
Is 1054690 a multiple of 61?
True
Is 198 a factor of 108245?
False
Does 17 divide 8260?
False
Is 129 a factor of 135063?
True
Does 7 divide 145513?
False
Is 105 a factor of 834225?
True
Is 53700 a multiple of 10?
True
Does 21 divide 41008?
False
Is 17011 a multiple of 46?
False
Is 117747 a multiple of 13?
False
Is 2637840 a multiple of 5?
True
Does 110 divide 34297?
False
Does 257 divide 207344?
False
Is 315640 a multiple of 7?
False
Does 16 divide 5937136?
True
Does 472 divide 329456?
True
Is 681176 a multiple of 12?
False
Is 10 a factor of 10570?
True
Is 2 a factor of 9419?
False
Does 26 divide 77843?
False
Is 43 a factor of 3595531?
True
Does 637 divide 2706529?
False
Is 279888 a multiple of 49?
True
Is 28 a factor of 1147972?
True
Is 274 a factor of 95352?
True
Is 15 a factor of 245192?
False
Does 95 divide 460355?
False
Is 8 a factor of 375008?
True
Is 1288032 a multiple of 262?
False
Is 3240633 a multiple of 849?
True
Is 78 a factor of 2674932?
True
Is 9256463 a multiple of 102?
False
Is 677 a factor of 23950229?
True
Is 8305204 a multiple of 38?
True
Is 253546 a multiple of 383?
True
Is 5291360 a multiple of 52?
False
Is 37 a factor of 3296359?
False
Does 201 divide 1443783?
True
Is 28420 a multiple of 4?
True
Is 1136486 a multiple of 5?
False
Is 2754777 a multiple of 12?
False
Is 27 a factor of 1196937?
True
Does 6 divide 17810?
False
Is 1672016 a multiple of 32?
False
Is 2119028 a multiple of 756?
False
Is 96 a factor of 1680192?
True
Is 7 a factor of 663271?
True
Is 157013 a multiple of 51?
False
Does 110 divide 78403?
False
Is 6 a factor of 184428?
True
Does 342 divide 5151385?
False
Is 235200 a multiple of 294?
True
Is 6 a factor of 48756?
True
Is 1057630 a multiple of 450?
False
Does 59 divide 385683?
True
Is 48 a factor of 7704384?
True
Is 1043 a factor of 4254397?
True
Is 11 a factor of 103053?
False
Is 259597 a multiple of 126?
False
Is 203 a factor of 1363181?
False
Does 1156 divide 4790597?
False
Is 3058106 a multiple of 16